x - 8*x = s*y - 45. Suppose -2*c = -1 - 37. What is the remainder when c is divided by y?
9
Let y = 82 + -74. Suppose -21 - 102 = -3*l. Calculate the remainder when (y - 9)*(0 - l) is divided by 21.
20
Let q(r) = 15*r - 112. Let a be q(13). Suppose -5*p + p + 152 = 3*t, -p = -2*t + a. What is the remainder when 615 is divided by t?
43
Suppose 0 = -4*r - 2*g + 3*g + 2175, 2722 = 5*r + 2*g. Suppose -15*f + r - 64 = 0. Calculate the remainder when f is divided by 7.
4
Let y = 316 + -323. Calculate the remainder when (889/(-7))/(7/y) is divided by 43.
41
Suppose 604*q - 613*q = -28674. What is the remainder when q is divided by 55?
51
What is the remainder when 54 is divided by (1 - (-75)/(-90))/((-2)/(-24))?
0
Let l(x) = 50*x + 67. Let t be l(-1). Suppose -n = -3, -2*j - t*n = -18*n - 3. What is the remainder when 206 is divided by j?
2
Suppose 0 = m - 8 - 218. Let x(n) = -6287*n + 31484. What is the remainder when m is divided by x(5)?
30
Let x(y) = 4*y**2 + 15*y - 6. Let o(h) = -10*h + 65. Let z be o(7). What is the remainder when 189 is divided by x(z)?
18
Let u(c) = -11*c + 481. Calculate the remainder when 54 is divided by u(43).
6
Let t = -431 + 432. Calculate the remainder when 42 is divided by (38/t)/(-2 + 4).
4
Let y(a) = -10*a - 174. Calculate the remainder when y(-27) is divided by (14 - -11) + 0/2.
21
Let m = 384 + -235. Suppose 4*c - m = -5*a, a - 4 + 3 = 0. Let z = -16 + c. Calculate the remainder when 38 is divided by z.
18
Suppose -47*g + 1535 = -815. Calculate the remainder when 120 is divided by g.
20
Suppose 3*x = -2*i + 5*x + 62, 5*i - 120 = -2*x. Calculate the remainder when i is divided by 5346/432 + -5 + (-185)/(-40).
2
Suppose 7*d - 40 = 2. Let o(x) = -x**2 + 4*x + 3. Let a be o(2). Calculate the remainder when 29 is divided by d/(((-42)/(-8))/a).
5
What is the remainder when 6831 - (-9 + 510/50)/((-2)/10) is divided by 45?
42
Let k(l) = -4*l + 48. Let p(h) = h**3 - h**2 + 2*h + 6. Let x be p(0). What is the remainder when 92 is divided by k(x)?
20
Let v = -56 + 61. Suppose -6*t + t = -v*o + 455, 5 = -t. Let h = 196 - o. What is the remainder when h is divided by 14?
12
Suppose -3*g + m = -251, 20*m - 10 = 22*m. What is the remainder when g is divided by 4?
2
What is the remainder when (-12246)/(-26) - (2 + -2) is divided by 462?
9
Let j(v) = v**2 + 105*v + 2780. What is the remainder when ((-67)/2)/((-3)/6) is divided by j(-56)?
31
Let i = 183 + -175. What is the remainder when (-9 + 33)*(-24)/(-9) is divided by i?
0
Let z(h) = 31*h**2 + 29*h + 47. What is the remainder when 460 is divided by z(-2)?
8
Suppose -5*c + c + 32 = 0. Let h = -433 + 1243. Suppose -5*d = 13*d - h. What is the remainder when d is divided by c?
5
Let s = 8609 - 8303. What is the remainder when 1240 is divided by s?
16
Let f(n) = 93 - 94 + 2*n - n**3 + 18*n**2 + 2*n. Suppose g + 72 = 5*g. Calculate the remainder when f(g) is divided by 24.
23
Suppose 5*q - 4*z - 166 = 0, -36 = -2*q + 4*z + 16. What is the remainder when 171 is divided by q?
19
Let h = 7564 + -7502. What is the remainder when 7748 is divided by h?
60
Suppose -8 + 16 = -3*d + 4*a, -5*d + 35 = 3*a. Calculate the remainder when (-1)/((-12)/d)*129 is divided by 13.
4
Suppose 715 = 4*g + 3*q + 70, -5*g - q + 798 = 0. Calculate the remainder when g is divided by 39.
3
Let a = 699 + -556. Let w = 10 + 19. What is the remainder when a is divided by w?
27
Calculate the remainder when (-826 - -1)/1*(-15 - -87)/(-24) is divided by 823.
6
Let f = -1690 - -1739. Calculate the remainder when f is divided by 25.
24
Let j = -1306 + 843. Let m = j + 500. What is the remainder when 221 is divided by m?
36
Let k(n) = n**3 - 3*n**2 - 8*n + 137. What is the remainder when 419 is divided by k(0)?
8
Suppose -250*u = -64*u - 174468. What is the remainder when u is divided by 41?
36
Suppose 2*b + 30 - 38 = -3*w, -5*b + 42 = 2*w. What is the remainder when 128 is divided by b?
8
Let t(f) = f**2 + 19*f + 34. Let i = 33 - 45. Let k be t(i). Let w = 66 + k. What is the remainder when 46 is divided by w?
14
Calculate the remainder when -6*(-2)/(-5)*8050/(-210) is divided by 13.
1
Calculate the remainder when 55 is divided by 4/(-32) - ((-26)/39)/(16/531).
11
Suppose -2*t - 14 = y + 1, 2*y = -2*t - 18. Let r(v) = v**2 + v + 29. Calculate the remainder when r(t) is divided by (-2 - -2)/2 + 11 + 1.
11
Let w(a) = a**2 - 2. Let v be w(-2). Let h(u) = u**2 + 26 + v*u + 5 - 5 - 12*u. Calculate the remainder when h(12) is divided by 26.
24
Suppose -1 = -2*b + 11. Let v = 10 - b. Suppose t = -t + v*z + 2, 4*t - 3*z - 9 = 0. What is the remainder when 28 is divided by t?
1
Let b be -1 + (-3)/(-6) + (-2121)/6. Let a = 493 + b. What is the remainder when a is divided by 24?
19
Let j = -52 - -54. Let b be 3 + 3/(-1 - j). Suppose -3*v = 4*d - 264, b*v + 330 = -0*d + 5*d. What is the remainder when d is divided by 35?
31
Suppose 0 = -4*l + 123 - 431. Let s = 73 + l. Calculate the remainder when 64 is divided by 56/2 + s - 1.
18
Let p = 19 - 8. Suppose -4*j = 5*k - 33, 0 = 5*k - 25 + 20. Calculate the remainder when p is divided by j.
4
Suppose 0 = 14*t - 0*t + 2100. Let n = t + 182. Calculate the remainder when 285 is divided by n.
29
Let a be 1/2*-1*-2. Let q(v) = 12*v**3 + 3*v**2 - 1. Calculate the remainder when 166 is divided by q(a).
12
Let k(r) = -r**2 + 11*r - 49. Let a be k(19). Let t = -187 - a. What is the remainder when t is divided by 4?
2
Let k = -767 - -1023. Suppose 0 = n - 6 + 2. Suppose -n*a - 224 = -p - 4*p, 5*p = -4*a + k. What is the remainder when p is divided by 13?
9
Suppose 14*s - 8 = 12*s. Suppose -6 = -n + 2*h + 2, -3*h = s*n - 54. Calculate the remainder when 47 is divided by n.
11
Let a(m) = -2*m + 12. What is the remainder when a(-15) is divided by (6/4)/(9/(-396)*-6)?
9
Suppose 22*y - 25 = 20*y + 5*k, -4*y + k = -23. Suppose -2*q - 604 - 477 = -y*x, 2*x - 4*q = 426. Calculate the remainder when x is divided by 58.
43
Suppose 0 = b + 3*m - 0*m + 10, 2*b + 3*m + 8 = 0. Suppose 9 - 39 = -b*x + 4*d, -3*d = -5*x + 40. Let t = 48 + x. What is the remainder when t is divided by 18?
17
Let y(z) = 21*z - 908. What is the remainder when 2558 is divided by y(44)?
14
Suppose 180 = 3*i + 9*i. Suppose 105 = i*s + 15. What is the remainder when 28 is divided by s?
4
Let b = 230318 - 230307. Let t = -26 + 11. Let g = t + 78. What is the remainder when g is divided by b?
8
Suppose 88 = 6*b - 416. Suppose 4*j - 2*x = b, x - 12 = 5*j - 114. Calculate the remainder when 98 is divided by j.
18
Suppose 3*k - 15 + 0 = 0. Suppose k*h - h = 368. Calculate the remainder when h is divided by (-23 + 22)*((-434)/(-28))/(2/(-4)).
30
Let x = -425 - -420. What is the remainder when 53 is divided by x - (-7 + 0 - (15 - 9))?
5
Let i be ((-395)/7 + 42/98)*10. Let c = -381 - i. Calculate the remainder when c is divided by 12.
11
Let x(d) = 4*d - 46. Let f = -203 + 297. Let o = -77 + f. Calculate the remainder when x(o) is divided by 8.
6
Let v(i) = -i**3 + 4*i**2 - i + 6. Let w = -23 - -30. Suppose 3*u + l = w, 0 = 2*u + 3*u + 3*l - 5. Calculate the remainder when 7 is divided by v(u).
1
Suppose 2*q - 16*g + 18*g - 136 = 0, 4 = -g. What is the remainder when q is divided by (-111)/(-74) + (-71)/(-2)?
35
Suppose 2*h + 158 + 54 = 4*f, 2*h + 16 = 0. What is the remainder when 2398 is divided by f?
46
Let w = 3 - -2. Let n = -6121 - -6234. Calculate the remainder when n is divided by w.
3
Let z = 101 + -263. Suppose 33*l + 887 + 7132 = 0. Let v = z - l. What is the remainder when v is divided by 21?
18
Suppose 620 = -3*u - 2*u. Let j = -86 - u. What is the remainder when 63 is divided by 908/j - (-40)/380?
15
Suppose 0 = -115*u + 124*u. Suppose u = 3*k + m - 791, -k + 811 = 2*k - 4*m. What is the remainder when k is divided by 38?
37
Suppose 448 = 6*r + 10*r. What is the remainder when 207 is divided by (-5*r/(-30))/((-1)/(-15))?
67
Suppose -3*z + z = 4*m + 2, 4*z + m - 17 = 0. Suppose z*s = 0, 2*c = 2*s + 14 + 28. Calculate the remainder when 103 is divided by c.
19
Let y(o) = o**3 - 8*o**2 + 9*o - 1. Let r be -6 + 22 - 4/4*-4. Suppose -r*v + 36 = -11*v. What is the remainder when y(7) is divided by v?
1
Let l be (8/(-6))/(-4 - (-174)/45). Suppose 6*r + 8 = l*r. Suppose 6*v - 3*w - 56 = v, r*v = -2*w + 16. What is the remainder whe